{"id":62,"date":"2023-12-23T12:41:40","date_gmt":"2023-12-23T11:41:40","guid":{"rendered":"https:\/\/retrouvetoi.fr\/?page_id=62"},"modified":"2023-12-23T12:41:40","modified_gmt":"2023-12-23T11:41:40","slug":"monde-blanc","status":"publish","type":"page","link":"https:\/\/retrouvetoi.fr\/index.php\/monde-blanc\/","title":{"rendered":"Monde blanc"},"content":{"rendered":"\n<p>3 Mn Poser dans le monde blanc.<\/p>\n\n\n\n<ul class=\"wp-block-list\">\n<li>Coque,<\/li>\n\n\n\n<li>Elever notre corps Astral, en s\u2019\u00e9tirant, jusqu\u2019au monde blanc,<\/li>\n\n\n\n<li>Et on s\u2019installe tranquillement dans un sofa blanc, et tout \u00e7a avec des respirations profondes.<\/li>\n<\/ul>\n\n\n\n<p>Apr\u00e8s 3 mn,<\/p>\n\n\n\n<p>Vous allez demander \u00e0 chacune de vos cellules, de vos mini moi&nbsp;:<\/p>\n\n\n\n<p>&nbsp;&nbsp;&nbsp;&nbsp;&nbsp;&nbsp;&nbsp;&nbsp;&nbsp;&nbsp;&nbsp; CLAIRVOYANCE<\/p>\n\n\n\n<ul class=\"wp-block-list\">\n<li>Je suis capable de tout voir, je demande que votre tube de clairvoyance s\u2019ouvre davantage, je vois tout.<\/li>\n\n\n\n<li>Vous allez visualisez que vous arracher un rideau, un voile qui se trouve devant vous, pour voir au-del\u00e0 de ce voile.<\/li>\n\n\n\n<li>Votre Clair voyance s\u2019ouvre.<\/li>\n<\/ul>\n\n\n\n<p>CLAIRAUDIENCE<\/p>\n\n\n\n<ul class=\"wp-block-list\">\n<li>Je suis capable de tout entendre, je demande que vos tubes de clairaudience s\u2019ouvrent davantage. J\u2019entends tout.<\/li>\n\n\n\n<li>Vous allez visualisez que vous enlevez des grands bouchons qui se trouve dans vos oreilles, pour entendre au-del\u00e0 de ces bouchons.<\/li>\n\n\n\n<li>Votre clair audience s\u2019ouvre.<\/li>\n<\/ul>\n\n\n\n<p>CLAIRRESENTI<\/p>\n\n\n\n<ul class=\"wp-block-list\">\n<li>Je suis capable de tout ressentir, votre perception s\u2019affine, je ressens tout.<\/li>\n\n\n\n<li>Je m\u2019autorise \u00e0 tout ressentir, j\u2019ose enfin de tout ressentir.<\/li>\n\n\n\n<li>Votre clair ressenti s\u2019ouvre.<\/li>\n<\/ul>\n\n\n\n<p>Je demande d\u2019\u00eatre accompagner par nos guides, par les \u00eatres qui nous sont ch\u00e8re l\u00e0-haut et qui nous accompagne.<\/p>\n\n\n\n<p>Je demande d\u2019avoir + de discernement, d\u2019\u00eatre prot\u00e9ger.<\/p>\n\n\n\n<p>Je demande d\u2019avoir la sagesse de ce qui est juste.<\/p>\n\n\n\n<p>Je m\u2019\u00e9coute.<\/p>\n\n\n\n<p>Inspirez, Expirer, et revenez progressivement \u00e0 votre place, dans votre corps.<\/p>\n","protected":false},"excerpt":{"rendered":"<p>3 Mn Poser dans le monde blanc. Apr\u00e8s 3 mn, Vous allez demander \u00e0 chacune de vos cellules, de vos mini moi&nbsp;: &nbsp;&nbsp;&nbsp;&nbsp;&nbsp;&nbsp;&nbsp;&nbsp;&nbsp;&nbsp;&nbsp; CLAIRVOYANCE CLAIRAUDIENCE CLAIRRESENTI Je demande d\u2019\u00eatre accompagner par nos guides, par les \u00eatres qui nous sont ch\u00e8re l\u00e0-haut et qui nous accompagne. Je demande d\u2019avoir + de discernement, d\u2019\u00eatre prot\u00e9ger. Je demande [&hellip;]<\/p>\n","protected":false},"author":1,"featured_media":0,"parent":0,"menu_order":0,"comment_status":"closed","ping_status":"closed","template":"","meta":{"footnotes":""},"class_list":["post-62","page","type-page","status-publish","hentry"],"_links":{"self":[{"href":"https:\/\/retrouvetoi.fr\/index.php\/wp-json\/wp\/v2\/pages\/62","targetHints":{"allow":["GET"]}}],"collection":[{"href":"https:\/\/retrouvetoi.fr\/index.php\/wp-json\/wp\/v2\/pages"}],"about":[{"href":"https:\/\/retrouvetoi.fr\/index.php\/wp-json\/wp\/v2\/types\/page"}],"author":[{"embeddable":true,"href":"https:\/\/retrouvetoi.fr\/index.php\/wp-json\/wp\/v2\/users\/1"}],"replies":[{"embeddable":true,"href":"https:\/\/retrouvetoi.fr\/index.php\/wp-json\/wp\/v2\/comments?post=62"}],"version-history":[{"count":1,"href":"https:\/\/retrouvetoi.fr\/index.php\/wp-json\/wp\/v2\/pages\/62\/revisions"}],"predecessor-version":[{"id":63,"href":"https:\/\/retrouvetoi.fr\/index.php\/wp-json\/wp\/v2\/pages\/62\/revisions\/63"}],"wp:attachment":[{"href":"https:\/\/retrouvetoi.fr\/index.php\/wp-json\/wp\/v2\/media?parent=62"}],"curies":[{"name":"wp","href":"https:\/\/api.w.org\/{rel}","templated":true}]}}